 + 16 = 4*y. What is the remainder when y is divided by (-2)/(-6) - (-2)/3?
0
Let r be -1 - (0 - 1)*4. Suppose 15 = r*s + 6. Suppose -s*a = -3*m - 12, 0 = 3*a + m - 6*m - 18. What is the remainder when 3 is divided by a?
0
Let q = -37 - -93. What is the remainder when q is divided by 20?
16
Suppose 3*b = -3, 4*p + b = 2*p + 17. Calculate the remainder when p is divided by 3.
0
Let d be 14/(-1)*(-288)/28. Let t be d/15 - 2/(-5). What is the remainder when 25 is divided by 6/15 + 126/t?
12
Suppose -5*l + 4*k + 162 = 0, -k = 3*l + 3*k - 78. Calculate the remainder when l is divided by 11.
8
Let p(k) = 6*k - 26. What is the remainder when 18 is divided by p(5)?
2
Let x = -11 - 23. Let a = x + 71. Calculate the remainder when a is divided by 10.
7
Suppose 4 + 4 = 2*q. Suppose q*x - 2*x = 212. What is the remainder when x is divided by 27?
25
Suppose -2*t + 14 = -4. Calculate the remainder when 33 is divided by t.
6
Let o = -26 + 51. Suppose 5*n = -o, 0 = -9*x + 4*x - 2*n. Suppose -49 - 7 = -x*q. What is the remainder when q is divided by 15?
13
Let b be -3 + (0 - -2) + 0. Let x be (-12)/(-10)*40/3. Let c = x + b. What is the remainder when 43 is divided by c?
13
Suppose -p - 5*c + 10 = 0, 4*p + 2*c + 10 = -22. Suppose 4*j - 2 - 34 = 0. What is the remainder when 4/p + 132/5 is divided by j?
8
Suppose 0 = -10*v + 3*v + 77. What is the remainder when 49 is divided by v?
5
Let q(s) = -s**3 + s**2 + 4*s + 8. What is the remainder when q(-4) is divided by 19?
15
Let z(c) = -c**2 - 9*c + 6. Suppose 4 - 1 = m. Suppose 0 = -m*p + 9 + 24. Calculate the remainder when z(-7) is divided by p.
9
Suppose 0 = -3*d + 21 + 63. What is the remainder when (-6)/((22/(-55))/(36/10)) is divided by d?
26
Let q(f) = -4*f**3 - f - 2. Calculate the remainder when 11 is divided by q(-1).
2
What is the remainder when 17 + (3 - (0 + 5)) is divided by (-12)/(-9)*(2 + 4)?
7
Let s(a) = -19*a**3 - a**2 - 3*a - 2. Calculate the remainder when 71 is divided by s(-1).
14
Let d = 9 - -2. What is the remainder when 153 is divided by d?
10
Let k(m) = -m**2 - 7*m + 2. Let l be k(-7). Suppose -g + 165 = l*g. Calculate the remainder when g is divided by (3/6)/((-74)/76 - -1).
17
Let s = 28 + -11. What is the remainder when 50 is divided by s?
16
Suppose 3*o - d - 89 = 4*d, 4*o - 3*d = 104. Calculate the remainder when o is divided by 14.
9
Let b be (1 + -1)*9/(-27). Suppose -36 = -b*g - 3*g. Let c(u) = 34*u**3 + u**2 - 1. What is the remainder when c(1) is divided by g?
10
What is the remainder when 78 is divided by 2 - (-204)/10 - 10/25?
12
Let h(f) = 2 + 4 - 1 - f. Let u be h(3). Suppose -u*k = -0*k - 2. Calculate the remainder when k is divided by 1.
0
Suppose -64 = -4*i - 5*a, 3*a - 71 = -3*i + 5*a. Calculate the remainder when 43 is divided by i.
1
Suppose 0 = -3*i - 5*o - 0*o - 216, 148 = -2*i - 2*o. Let b = 144 + i. Let v = b + -31. What is the remainder when v is divided by 19?
17
Suppose 5*n - 271 - 89 = 0. Suppose 0 = 2*a + a - n. Suppose -2*r + a = -8. Calculate the remainder when 47 is divided by r.
15
Let i(c) = -c**3 + c + 7. Suppose -4*l = 2*z - 40, -5*l = -5*z - 52 - 28. What is the remainder when l is divided by i(0)?
5
Let f be (-9)/3*-1 - -2. Suppose 5*i = -2*k + 13, 2*i - 5*k - 9 = 2. Suppose 3*v - i*b = 117, -b = -2*b - f. Calculate the remainder when v is divided by 9.
7
Suppose 3*h + 20 = 47. Calculate the remainder when 33 is divided by h.
6
Let x = -9 - -183. Calculate the remainder when x is divided by 44.
42
Let q(j) = -j**3 + 7*j**2 - 6*j + 9. Let h be q(6). Let b = -4 - -16. Calculate the remainder when b is divided by -5*3/(h/(-3)).
2
Suppose -c = -4*r - 26, -c + 7 = -3*r - 14. Calculate the remainder when 22 is divided by c.
4
Let f(c) = 2*c**3 - 3*c**2 + 2*c - 4. Calculate the remainder when f(3) is divided by 8.
5
Suppose -2*s = -0*s - 14. What is the remainder when (-19)/2*(-3 - -1) is divided by s?
5
Suppose 4 + 16 = -4*y. Let u(i) = -i - 4. What is the remainder when (2/4)/(2/4) is divided by u(y)?
0
Let f(s) = 8*s + 7. What is the remainder when f(4) is divided by 20?
19
Suppose 5*x = 18 + 72. Let g(t) = t - 6. Calculate the remainder when x is divided by g(11).
3
Let o(g) = -6*g - 44. What is the remainder when o(-11) is divided by 15?
7
Let p(h) = -2 + 5*h + 37*h**2 - 3*h + 3. Suppose z - 5*j = -6, 0 = 5*z - z + j - 81. What is the remainder when p(-1) is divided by z?
17
Let t = -736 + 202. What is the remainder when 50 is divided by t/(-42) - (-2)/7?
11
Let m be ((-1)/2)/(1/24). Let j be m - (-1 - 0)*2. What is the remainder when 14 is divided by (j/2)/(2 + -3)?
4
Suppose -5*d - 1270 = -15*d. Calculate the remainder when d is divided by 16.
15
Let x = 12 - 15. Let l = 6 - -6. Let v = l - x. What is the remainder when 43 is divided by v?
13
Suppose 5*f - 139 = 4*a + 51, 5*f - a - 175 = 0. What is the remainder when 66 is divided by f?
32
Suppose k = 3*k - 4, 4 = -z - k. Let y(h) = -6*h - 7. Let g be y(z). Suppose g = -0*s + s. Calculate the remainder when s is divided by 10.
9
Let x = 27 - 14. Suppose -2*g + d = g + 51, -d - 61 = 4*g. Calculate the remainder when (27/4)/((-3)/g) is divided by x.
10
Calculate the remainder when 34 is divided by 21*(6/7 - 0).
16
Let z(f) = 4*f**3 + f**2 - 2*f - 2. What is the remainder when z(2) is divided by 16?
14
Let l(k) be the second derivative of -k**3/6 - 9*k**2/2 - k. Let g be l(-7). What is the remainder when 23 is divided by (1 + 3/g)*-16?
7
Let j(a) = a**3 - 5*a**2 + 4*a. Suppose -4*f + 5*n - 64 = 0, 4*n - 60 = 2*f + 2*f. Let k = f + 18. What is the remainder when j(5) is divided by k?
6
Let v(o) = -o**3 + 20*o**2 - 19*o + 22. What is the remainder when 43 is divided by v(19)?
21
Let d = 30 + -16. Calculate the remainder when 1 + d/(-4)*-4 is divided by ((-3)/(-3))/(2/16).
7
Let a = -14 - -21. Let i = 19 - a. What is the remainder when 34 is divided by i?
10
Let j(b) = -2 - 4 + 2 - 23*b. What is the remainder when j(-3) is divided by 22?
21
Suppose -3*m - 4 - 1 = a, -a = m + 1. Let x(q) = 4*q**2 + q + 1. Let i be x(m). Suppose 0 = 2*w - i - 29. Calculate the remainder when w is divided by 8.
6
Calculate the remainder when 42 is divided by 13 - (2/1 - 4).
12
Let t(n) = -n + 3. Let z be t(3). Suppose 4*c = -z*c + 64. What is the remainder when 31 is divided by c?
15
Suppose 4*d + x + x - 158 = 0, -5*d + 4*x = -204. What is the remainder when d is divided by 14?
12
Suppose -4*j + j = -2*r + 8, -2*j - 4 = 0. Let y = 3 - r. Calculate the remainder when y/((-4)/2)*-5 is divided by 2.
1
Let c = -58 - -96. Calculate the remainder when c is divided by 8.
6
Suppose j = 4*d - 0*j - 88, 4*d - 100 = 4*j. Let r = -17 - -25. What is the remainder when d is divided by r?
5
Calculate the remainder when (11 + -1)*(-28)/(-7) is divided by 11.
7
Let v(r) be the second derivative of 2*r**3/3 + r**2/2 - 6*r. What is the remainder when 18 is divided by v(1)?
3
Let o = -9 + 17. Let j = -399 + 428. What is the remainder when j is divided by o?
5
Suppose 7*w - 4*w - 2*b = 4, 4*w - 3*b = 5. Calculate the remainder when 18 is divided by -10*(-4)/16*w.
3
Let n(r) = r - 3. Let z be n(7). Suppose -z*t + 219 = -t. Calculate the remainder when t is divided by 19.
16
Let c = -16 + 22. Suppose 2*x - 47 = -3*d, 34 = 4*d - 2*d + 4*x. Calculate the remainder when d is divided by c.
3
Let z = 31 - 19. Calculate the remainder when 33 is divided by z.
9
Let s be -2 + (1 - -1) + -5. Calculate the remainder when 29 is divided by (-5)/2*(s - 1).
14
Suppose 3*o = 4*k - 366, -2*k + 191 - 7 = -2*o. What is the remainder when k is divided by 16?
10
Let r(k) = k**3 + 4*k**2 - k + 3. Calculate the remainder when r(-3) is divided by 8.
7
Let v(j) = j**3 + 8*j**2 + 6*j - 7. What is the remainder when 57 is divided by v(-6)?
28
Let a(v) = 12*v**2 - 2*v + 1. What is the remainder when 41 is divided by a(1)?
8
Let w(j) = -j**2 - 7*j + 6. What is the remainder when 47 is divided by w(-6)?
11
Let t(i) = -i + 43. Let p be t(0). Let y = p + -10. Calculate the remainder when y is divided by 9.
6
Let i = 5 - 3. Suppose g + i*g = -27. Let q(b) = b + 14. Calculate the remainder when q(g) is divided by 3.
2
Suppose 4*t - 16 = -0*t. What is the remainder when t is divided by 1 - (0 + (-3 - -1))?
1
Suppose -z - 4*q + 47 = 2*z, -12 = -z - 5*q. Calculate the remainder w